
63b650c
In base 15, what is -23 + -15a0?
-15c3
In base 9, what is 64 + 12630661?
12630735
In base 14, what is -415c76 - 4?
-415c7a
In base 8, what is -53 - 451474?
-451547
In base 11, what is -1 - -1381770?
138176a
In base 4, what is 12233323302 + -12?
12233323230
In base 3, what is 102020012022 + 10102?
102020022201
In base 7, what is -1442034632 - -3?
-1442034626
In base 2, what is -11001011000011100100100001011 - -10?
-11001011000011100100100001001
In base 6, what is -25 - -104513103?
104513034
In base 14, what is 1 - -1159237?
1159238
In base 3, what is 21220010002 - -10021001?
22000101010
In base 5, what is 120 + -32201344?
-32201224
In base 8, what is 736634 + -6351?
730263
In base 11, what is -149100 + -746?
-149846
In base 12, what is 3 - -18bb7995?
18bb7998
In base 15, what is 5 + 924639?
92463e
In base 4, what is 13023002011 - -112?
13023002123
In base 16, what is -96e8 - -a6d?
-8c7b
In base 4, what is 30323233 + -23300?
30233333
In base 3, what is 110012 - -10110101202?
10110211221
In base 6, what is -2433 + 4412?
1535
In base 7, what is -6 - -1553230365?
1553230356
In base 15, what is -26dc0 + -56?
-26e26
In base 15, what is 310 + 3daa?
41ba
In base 3, what is 10202 - 110002211121?
-110002200212
In base 11, what is -329 + -8813a?
-88468
In base 8, what is -303 - 2611015?
-2611320
In base 12, what is -4 + -262916b?
-2629173
In base 5, what is 341120111 - 42?
341120014
In base 16, what is 32 - -1c6b3a?
1c6b6c
In base 2, what is -10000000001111111010010111 + 100?
-10000000001111111010010011
In base 3, what is 21200021 + 2002020?
100202111
In base 2, what is 11001 - 110101100111111100001000?
-110101100111111011101111
In base 6, what is 42 + -453325?
-453243
In base 8, what is 1222642 - 1002?
1221640
In base 2, what is -10000100111110011000100 + -101110?
-10000100111110011110010
In base 16, what is 5e3 + -aa6?
-4c3
In base 9, what is 143367 + 832?
144310
In base 12, what is 5 + 8a2103?
8a2108
In base 8, what is -62 - 55000262?
-55000344
In base 3, what is 12 + -2100220111220020?
-2100220111220001
In base 13, what is -90 - -33593?
33503
In base 15, what is 1a927a28 + 5?
1a927a2d
In base 7, what is 165142101 - -1?
165142102
In base 4, what is -312023211233 + -2?
-312023211301
In base 15, what is -325ceee + 5?
-325cee9
In base 3, what is -11122210010 + 111?
-11122202122
In base 6, what is 5 - -203501132?
203501141
In base 2, what is -1110 + -1100001100011000011010?
-1100001100011000101000
In base 10, what is -1392514 + -93?
-1392607
In base 5, what is 3 + -102130010202?
-102130010144
In base 15, what is -2669b9e7 + -4?
-2669b9eb
In base 9, what is -5 - 4215512?
-4215517
In base 3, what is -200122220 - 20210?
-200220200
In base 9, what is 0 - -14168882?
14168882
In base 15, what is -1 - -4ccaa9?
4ccaa8
In base 2, what is -100000010100100001 - -10011111?
-100000010010000010
In base 6, what is -104330234311 - 2?
-104330234313
In base 3, what is -102 - 1220000211211?
-1220000212020
In base 11, what is 4a2 - -192250?
192742
In base 16, what is 88de - -f4b?
9829
In base 16, what is 6fc + 2569f?
25d9b
In base 9, what is 58 + 20708675?
20708744
In base 9, what is 2 + -37051408?
-37051406
In base 8, what is 2130 - -2506053?
2510203
In base 8, what is -5 + -116237710?
-116237715
In base 10, what is -3 + -1737429?
-1737432
In base 4, what is 2 - 3122011122211?
-3122011122203
In base 13, what is 1a75a + -2b?
1a72c
In base 10, what is 2257 - -1186?
3443
In base 5, what is -3 + -12141213?
-12141221
In base 10, what is 0 + 3372141?
3372141
In base 14, what is 2 + 53d6a?
53d6c
In base 15, what is 3ad + 1565a?
15a18
In base 8, what is 5 + -1712220773?
-1712220766
In base 9, what is -185 - -225555?
225360
In base 15, what is aeb98e - a?
aeb984
In base 16, what is -650 - -49313?
48cc3
In base 8, what is -11226661575 + -5?
-11226661602
In base 12, what is -3819a54 + -18?
-3819a70
In base 10, what is 309772 - 315?
309457
In base 7, what is 5 + 23003443?
23003451
In base 13, what is -11629923 + 4?
-1162991c
In base 8, what is -306320030 + -4?
-306320034
In base 12, what is 11 - 1463126?
-1463115
In base 8, what is -55104241 + 3?
-55104236
In base 4, what is 133330320121 - 1013?
133330313102
In base 13, what is 294c81b5 - -5?
294c81ba
In base 3, what is 0 + -222000000201012?
-222000000201012
In base 10, what is -26 - -78165?
78139
In base 11, what is -2280a95 - 40?
-2281025
In base 11, what is 631815 + 3?
631818
In base 10, what is 533885421 - 5?
533885416
In base 11, what is -693 - 37912?
-384a5
In base 2, what is 1011000010 + 101000001100010?
101001100100100
In base 4, what is 120313101311 + -21?
120313101230
In base 15, what is -906 - 4a5?
-dab
In base 4, what is -21 - 1200313132?
-1200313213
In base 14, what is 57ac3d + -114?
57ab29
In base 4, what is 200130223322 + 21?
200130230003
In base 8, what is 134557 + 26?
134605
In base 3, what is 2010202 + -100111201020?
-100102120111
In base 10, what is 2 + -6490202?
-6490200
In base 9, what is 21 + -634741?
-634720
In base 10, what is -5071 - -62273?
57202
In base 11, what is 4 - -430731?
430735
In base 12, what is 101310bb + 3?
10131102
In base 11, what is -164837 - -15?
-164822
In base 11, what is 2a92a9 - -205?
2a9503
In base 6, what is -342025 + -2105?
-344134
In base 9, what is -1 - 4626835?
-4626836
In base 10, what is -69117 - 8?
-69125
In base 13, what is b80 + -22754?
-218a4
In base 3, what is 1222122121202 + -10?
1222122121122
In base 14, what is -1020611 + 17?
-10205d8
In base 7, what is -262232 - 2351?
-264613
In base 13, what is -5 - -b191697?
b191692
In base 13, what is -2 + 10432a?
104328
In base 15, what is 28 + -3a48?
-3a20
In base 10, what is -774 - -929484?
928710
In base 7, what is 65353145 - -64?
65353242
In base 11, what is -508 - -55140?
54733
In base 5, what is 411234 + -13324?
342410
In base 6, what is -2304 - 3045440?
-3052144
In base 6, what is -443 + 244022?
243135
In base 14, what is 2 + -29c5ab2b?
-29c5ab29
In base 3, what is 1022200121 - -12122?
1022220020
In base 14, what is -52883 - -339?
-52548
In base 8, what is -1 - 60103252?
-60103253
In base 8, what is -43 - 536246?
-536311
In base 12, what is -14563335 + 1?
-14563334
In base 16, what is 11 + 327284f?
3272860
In base 10, what is -20538798 + 2?
-20538796
In base 13, what is -53cc0 - 5?
-53cc5
In base 8, what is -14002 + -56255?
-72257
In base 5, what is -2310 - -43031003?
43023143
In base 13, what is 7 - 97324?
-9731a
In base 13, what is 760b99 - -28?
760bc4
In base 10, what is 21852 + -59?
21793
In base 16, what is -1756 - -930?
-e26
In base 15, what is -38d87 + 18?
-38d6e
In base 10, what is 103829 + 18?
103847
In base 3, what is -200202 - 2022212100122?
-2022220001101
In base 6, what is -140054 + -45445?
-225543
In base 6, what is -3212551 + -11?
-3213002
In base 10, what is -9550446 + 3?
-9550443
In base 15, what is -2d8aa - 56?
-2d911
In base 4, what is 1222311020 - 1?
1222311013
In base 5, what is 0 + -201303344420?
-201303344420
In base 7, what is 565135205 + 1?
565135206
In base 11, what is 3 + 4379477?
437947a
In base 15, what is 183762 - -6?
183768
In base 6, what is 40453 + -1203?
35250
In base 13, what is 2058 + 864a?
a6a5
In base 13, what is -71297c - -5?
-712977
In base 15, what is 1699d + d6d?
1781b
In base 16, what is 84c - 40c52?
-40406
In base 12, what is -21 - -356132?
356111
In base 3, what is 1110 + 10210011211?
10210020021
In base 9, what is -1562 + -12222?
-13784
In base 2, what is 10 + 11100001101101011010?
11100001101101011100
In base 16, what is -17d7 + 439?
-139e
In base 12, what is -461 + 1452b?
1408a
In base 14, what is -69a9c + -8?
-69aa6
In base 7, what is -15462153664 + 5?
-15462153656
In base 10, what is 147450 + -684?
146766
In base 12, what is -27b + -2625?
-28a4
In base 13, what is -a50 - -66ab?
595b
In base 15, what is 36487 - 2ac?
361ca
In base 16, what is -1d - -217a7?
2178a
In base 5, what is -400 - 24233344?
-24234244
In base 5, what is -10 + 2004243402?
2004243342
In base 16, what is 4 + 62899b?
62899f
In base 6, what is -4145353 + 314?
-4145035
In base 4, what is -3132221031220 + 11?
-3132221031203
In base 11, what is -96 - 278a10?
-278aa6
In base 13, what is 381 + -2085?
-1a04
In base 12, what is 44148 - 1?
44147
In base 6, what is -5234 + 3222?
-2012
In base 10, what is -23626